is the ten millions digit of 91533722?
9
What is the hundred thousands digit of 3522939064?
9
What is the thousands digit of 204901142?
1
What is the thousands digit of 17634233?
4
What is the units digit of 685965881?
1
What is the hundred thousands digit of 1184898769?
8
What is the millions digit of 608253578?
8
What is the thousands digit of 1643372538?
2
What is the units digit of 21074772?
2
What is the units digit of 338304936?
6
What is the ten thousands digit of 102666041?
6
What is the units digit of 2034071065?
5
What is the hundred millions digit of 396050337?
3
What is the hundreds digit of 964047991?
9
What is the hundred thousands digit of 6447903?
4
What is the thousands digit of 157338631?
8
What is the ten thousands digit of 1923917277?
1
What is the millions digit of 431546316?
1
What is the units digit of 8458515?
5
What is the units digit of 83516839?
9
What is the ten thousands digit of 71630783?
3
What is the tens digit of 73602328?
2
What is the hundred millions digit of 127449065?
1
What is the ten millions digit of 3538082932?
3
What is the ten millions digit of 54404085?
5
What is the hundreds digit of 29554919?
9
What is the millions digit of 38306456?
8
What is the thousands digit of 18236643?
6
What is the units digit of 1616389392?
2
What is the ten thousands digit of 1187097959?
9
What is the hundred thousands digit of 2882963184?
9
What is the hundreds digit of 5211413456?
4
What is the hundred millions digit of 1212021222?
2
What is the hundred millions digit of 2128975072?
1
What is the units digit of 2419047800?
0
What is the thousands digit of 263275521?
5
What is the tens digit of 3265443018?
1
What is the units digit of 9189263362?
2
What is the units digit of 258384524?
4
What is the hundred thousands digit of 971633583?
6
What is the hundred millions digit of 827430446?
8
What is the hundred thousands digit of 1391582113?
5
What is the units digit of 97782682?
2
What is the ten thousands digit of 9339474?
3
What is the units digit of 4902764?
4
What is the hundred millions digit of 229994877?
2
What is the billions digit of 1941592917?
1
What is the units digit of 43996259?
9
What is the ten millions digit of 98420799?
9
What is the units digit of 917408463?
3
What is the millions digit of 316322174?
6
What is the hundred thousands digit of 103334902?
3
What is the hundreds digit of 379274401?
4
What is the thousands digit of 802395?
2
What is the ten millions digit of 525331991?
2
What is the ten thousands digit of 10012949?
1
What is the hundreds digit of 691381153?
1
What is the ten millions digit of 849875365?
4
What is the hundreds digit of 73503112?
1
What is the hundreds digit of 4153120912?
9
What is the ten millions digit of 151527282?
5
What is the hundreds digit of 1854038462?
4
What is the ten thousands digit of 26459506?
5
What is the ten thousands digit of 19860134?
6
What is the units digit of 32712989?
9
What is the hundreds digit of 612667912?
9
What is the hundreds digit of 52389328?
3
What is the millions digit of 44923683?
4
What is the tens digit of 1406378268?
6
What is the hundred thousands digit of 350395654?
3
What is the tens digit of 143576913?
1
What is the units digit of 20552299?
9
What is the units digit of 114187162?
2
What is the hundreds digit of 205969944?
9
What is the thousands digit of 182307918?
7
What is the units digit of 622359299?
9
What is the millions digit of 474561324?
4
What is the ten millions digit of 16956484?
1
What is the hundreds digit of 45045528?
5
What is the hundred thousands digit of 3393929898?
9
What is the thousands digit of 29468807?
8
What is the hundred millions digit of 132332657?
1
What is the hundred millions digit of 1139543382?
1
What is the tens digit of 718081871?
7
What is the hundred millions digit of 185445148?
1
What is the hundred millions digit of 5232235841?
2
What is the thousands digit of 38938468?
8
What is the thousands digit of 3172560432?
0
What is the units digit of 95752717?
7
What is the millions digit of 165463882?
5
What is the hundred thousands digit of 234353025?
3
What is the tens digit of 107881302?
0
What is the hundreds digit of 146880374?
3
What is the hundred millions digit of 3528521410?
5
What is the tens digit of 1349661685?
8
What is the tens digit of 48457956?
5
What is the ten millions digit of 22137808?
2
What is the thousands digit of 188452735?
2
What is the ten thousands digit of 269562884?
6
What is the hundreds digit of 2027140039?
0
What is the hundred thousands digit of 968776786?
7
What is the tens digit of 997911199?
9
What is the thousands digit of 27357574?
7
What is the millions digit of 187864594?
7
What is the millions digit of 190940108?
0
What is the thousands digit of 277762532?
2
What is the hundred thousands digit of 2738421576?
4
What is the billions digit of 1467811013?
1
What is the hundred thousands digit of 15832535?
8
What is the hundreds digit of 6740575?
5
What is the ten millions digit of 101759246?
0
What is the hundred millions digit of 5104422024?
1
What is the tens digit of 49820828?
2
What is the millions digit of 263474179?
3
What is the tens digit of 180218396?
9
What is the hundred thousands digit of 321517075?
5
What is the hundred millions digit of 105122286?
1
What is the tens digit of 510592716?
1
What is the units digit of 235671886?
6
What is the tens digit of 281800064?
6
What is the tens digit of 446833474?
7
What is the units digit of 211554413?
3
What is the units digit of 65872414?
4
What is the tens digit of 899712211?
1
What is the hundreds digit of 10789872?
8
What is the millions digit of 2459448944?
9
What is the tens digit of 620629206?
0
What is the units digit of 2461635891?
1
What is the ten thousands digit of 18477977?
7
What is the units digit of 18775813?
3
What is the ten millions digit of 4241169484?
4
What is the ten millions digit of 233713659?
3
What is the ten millions digit of 833524500?
3
What is the thousands digit of 38232120?
2
What is the hundreds digit of 32045780?
7
What is the hundred thousands digit of 5671900453?
9
What is the tens digit of 66190775?
7
What is the units digit of 864742112?
2
What is the millions digit of 2488785142?
8
What is the ten thousands digit of 177386217?
8
What is the thousands digit of 302485749?
5
What is the millions digit of 5114759?
5
What is the thousands digit of 114258175?
8
What is the tens digit of 1170394499?
9
What is the thousands digit of 294903472?
3
What is the thousands digit of 4599889881?
9
What is the units digit of 42545566?
6
What is the millions digit of 2324930412?
4
What is the ten millions digit of 766443925?
6
What is the units digit of 554876540?
0
What is the hundred millions digit of 989997229?
9
What is the ten thousands digit of 753151842?
5
What is the ten millions digit of 24267869?
2
What is the units digit of 850808285?
5
What is the thousands digit of 2505850?
5
What is the thousands digit of 46891507?
1
What is the hundred thousands digit of 48976560?
9
What is the billions digit of 1067773817?
1
What is the units digit of 536417708?
8
What is the tens digit of 138422336?
3
What is the ten thousands digit of 190655359?
5
What is the tens digit of 30616721?
2
What is the units digit of 182803388?
8
What is the ten thousands digit of 38222515?
2
What is the millions digit of 66429178?
6
What is the ten millions digit of 311270091?
1
What is the thousands digit of 4719668655?
8
What is the tens digit of 47485293?
9
What is the millions digit of 87043531?
7
What is the hundred thousands digit of 1728946827?
9
What is the hundreds digit of 100881175?
1
What is the hundred thousands digit of 12957209?
9
What is the thousands digit of 293486390?
6
What is the tens digit of 346754922?
2
What is the hundred millions digit of 261727399?
2
What is the ten millions digit of 2674306279?
7
What is the hundred thousands digit of 340097105?
0
What is the hundred thousands digit of 82275956?
2
What is the thousands digit of 205747945?
7
What is the hundreds digit of 1281347855?
8
What is the ten millions digit of 3149952375?
4
What is the units digit of 689658669?
9
What is the tens digit of 103151764?
6
What is the billions digit of 1662623469?
1
What is the tens digit of 1